4, 0*t + t = 3*u + 16. Suppose -2*q = -4 - 16. Let r = q + t. What are the prime factors of r?
11
Let h(m) = m**2 + 6*m - 3. Let o be h(-7). Suppose -3*y - 4*p = -60, -5*y - o*p + 100 = -7*p. What are the prime factors of y?
2, 5
Suppose -5*a = -121 - 149. List the prime factors of a.
2, 3
Let g(w) = w**2 + 7*w - 54. What are the prime factors of g(15)?
2, 3, 23
Let x(l) = l**2 + 5*l. What are the prime factors of x(-7)?
2, 7
Suppose -72 = 5*y - l, y + y = -4*l - 42. Let x be (-10)/(-4)*(-126)/y. List the prime factors of x/(-1)*2/(-2).
3, 7
Suppose 0 = -z + 6*z - 30. What are the prime factors of 2/z + (-16)/(-6)?
3
Let p be ((-2)/(-2))/((-3)/(-9)). Suppose -3*k - 33 = -p*c, -4*c - 3*k - 2*k + 53 = 0. What are the prime factors of c?
2, 3
Let d(h) = -h**3 + 13*h**2 - 11*h + 13. What are the prime factors of d(6)?
199
Let p(t) = -t**2 - 8*t - 8. Let i(d) = -d**3 - 6*d**2 + 2*d + 6. Let r be 3*(-1 + 2/(-2)). Let u be i(r). List the prime factors of p(u).
2
Let k(f) = -f**2 + f - 5. Let b be k(0). What are the prime factors of 26*((-15)/6)/b?
13
Suppose 0*x - x = -2. Suppose 5*a = -25, 0 = -x*j + 6*j + 3*a + 347. What are the prime factors of j/(-9) + (-12)/54?
3
Suppose -2*r = -r + 5*i - 15, 3*i - 9 = 4*r. Suppose r*m = 3*m. Suppose m = 4*o - 24. What are the prime factors of o?
2, 3
Suppose -12 = 2*b - 3*b. What are the prime factors of (16/(-6))/((-2)/b)?
2
Let h(r) = -r**3 - 13*r**2 - 11*r + 10. Let m be h(-12). Let g = 7 + m. List the prime factors of g.
5
Suppose 12 = 3*z, 22 = 5*f - 0*f + 3*z. Let c(q) = 4 - 3 + q**2 + 1 - q. What are the prime factors of c(f)?
2
Suppose 7*k - 327 = 79. List the prime factors of k.
2, 29
Let w(q) = 4*q**2 + 2*q - 2. Suppose 0 = m + 2. Let y be w(m). Suppose -5*o + 0 + y = 0, -c = 4*o - 13. What are the prime factors of c?
5
Suppose 0 = -2*y + 3*y - 27. Suppose 3*b = -0*b - y. Let g = b + 17. List the prime factors of g.
2
Let v = -3 - -8. Suppose -1 = -k - v*u, k - 2*u + 6*u - 4 = 0. What are the prime factors of k?
2
Let i = -30 + 48. Let k be 1317/27 - (-4)/i. Let p = k + -29. What are the prime factors of p?
2, 5
Suppose -t + 7*o + 41 = 4*o, 2*o + 44 = t. What are the prime factors of t?
2, 5
Let g = -3 + 10. Let u = g + -4. Suppose 0 = b - u*h - 20, -5*b - 3 = h - 55. What are the prime factors of b?
11
Suppose -10 = -7*c + 2*c. Suppose -q - 2*h - 112 = -5*q, c*h = 5*q - 139. Let i = -18 + q. What are the prime factors of i?
3
Suppose 0*i + 40 = -5*i. Let k(o) = o**3 + 8*o**2 + o + 10. Let r be k(i). Let t = r + 17. What are the prime factors of t?
19
Let z(b) = 33*b**3 + 2*b**2 - b. List the prime factors of z(1).
2, 17
Suppose n + 3*p = 2*n + 12, -2*n - 16 = -4*p. Suppose l = -n*l + 14. What are the prime factors of l?
2, 7
Let w = 38 + 11. What are the prime factors of w?
7
Let w(g) be the first derivative of 4*g**2 + 6*g + 11. List the prime factors of w(5).
2, 23
Let c(v) = v**3 - 4*v**2 - 5*v. Let d be c(5). Let x be ((d/3)/(-1))/(-2). Suppose 3*n - 44 = -4*s - x*s, 2*n - 6 = 2*s. What are the prime factors of n?
2
Let u(p) = p**3 - 6*p**2 + 7*p - 6. Let i be u(5). Let o(k) be the first derivative of k**2/2 + 5*k + 4. List the prime factors of o(i).
3
Let y(t) = t**3 + t**2 + 4*t + 3. List the prime factors of y(0).
3
Suppose -8 = -4*x + 8*x. Let q be 2/(x/(-3)) - -17. Suppose -q = 4*c, 3*c = -4*h - 2*c - 17. What are the prime factors of h?
2
Suppose -2*q - 4 = -n - 51, 0 = 2*n + q + 99. Let p = n + 70. What are the prime factors of p?
3, 7
Suppose 4*p + 5*k - 251 = 0, -p + 5*k + 162 = 2*p. What are the prime factors of p?
59
Suppose -5*t + 4*t + 37 = 0. What are the prime factors of t?
37
Suppose h + 0*h - 101 = -4*r, -r - 5*h + 30 = 0. List the prime factors of r.
5
Let x(u) = u**2 - 9*u - 1. Let z be x(9). Let r be z + 0 + 2 + -1. Suppose r = 3*n - 0*n - 2*y - 13, -5*n + 4*y = -19. What are the prime factors of n?
7
Suppose 4*f + 134 = v, f = v + 2*f - 139. List the prime factors of v.
2, 3, 23
Suppose -3*v - 46 = -148. Suppose -d = f - v, d + 4*f = -d + 68. List the prime factors of d.
2, 17
What are the prime factors of (-774)/(-15) + 6/15?
2, 13
Suppose v = 20 + 23. List the prime factors of v.
43
List the prime factors of 6/8 - 346/(-8).
2, 11
Suppose 0 = -5*v + 4*i + 11, -2*i = -3*v - i + 8. List the prime factors of -1 - (-1 + -38 - v).
41
Let n(q) be the first derivative of 2*q**3/3 + q**2/2 - 2*q - 2. Let j(d) = d. Let s be j(2). What are the prime factors of n(s)?
2
Let q(y) = y**3 - 4*y**2 - 6*y - 1. Let f be q(5). Let p(u) = -u**3 - 5*u**2 + 5*u + 6. What are the prime factors of p(f)?
2, 3
Suppose n = -3*s - 28, -n + 0*s - 34 = 5*s. Let a = -13 - n. List the prime factors of a.
2, 3
Suppose 2*r + 1 = r. Let f = 0 + r. Let v = 1 - f. What are the prime factors of v?
2
What are the prime factors of ((-3)/6)/((-2)/268)?
67
Let u be (-3)/(-2) + (-1)/(-2). Suppose 5*s - 28 = x, u*x = -s + x + 2. What are the prime factors of s?
5
Let t = -74 - -118. Suppose u + 13 = t. What are the prime factors of u?
31
Suppose 4*y = 5*i + 15, 2*i - 7 + 1 = 4*y. Let u = i - -7. Suppose u*r = -2*r + 26. List the prime factors of r.
13
What are the prime factors of 4/14 + 95/35 + 1?
2
Suppose -3*j = -5*j. Suppose -f - 4*g + 0*g = -11, g = j. List the prime factors of f.
11
Let y = 20 + -8. Let l = y - 7. What are the prime factors of l?
5
Suppose 6*m = 4*m + 8. Suppose -8 - 44 = -m*p. List the prime factors of p.
13
Let b be (-4)/(-10) + (-18)/(-5). Suppose -b*o + 6*o = 36. List the prime factors of o.
2, 3
Suppose -5*i + 465 = 4*j, -72 = 3*i - 4*i - 5*j. What are the prime factors of i?
97
What are the prime factors of 2/10 - 38/(-10)?
2
Suppose -x + 6 = -k, 5*k - x + 41 = -9. Let c = -7 - k. Suppose -4*d = -r - c*r + 20, -2*d = -2*r + 8. What are the prime factors of r?
2
Suppose -3*s = -s - 14. Suppose 0 = -5*n - s - 68. Let l = -4 - n. List the prime factors of l.
11
Let b(u) = 2*u - 10. Let s(q) = 2*q**3 - 2*q**2 + q. Let k be s(2). What are the prime factors of b(k)?
2, 5
Let q(s) = s**2 + 6*s + 6. Let k be q(-4). What are the prime factors of ((-165)/(-22))/((-1)/k)?
3, 5
Suppose -5*n - 3*b = -4*n - 12, -b = 4*n + 7. Let v = 1 - n. List the prime factors of v.
2
Suppose 4*a + 5 = -5*z, 0 = -0*a - 2*a. Let y(s) = -13*s + 1. List the prime factors of y(z).
2, 7
Let n = -12 - -11. Let x(f) = 20*f**2 + f + 1. What are the prime factors of x(n)?
2, 5
List the prime factors of -2*(-33)/(-18)*-6.
2, 11
Let o(q) = 2*q + 9. Let a be o(0). List the prime factors of 2/((-3)/a*-2).
3
Suppose 0 = 2*t - 4*r - 100, -49 = -t + 4*r - 5. Let m = t + -34. What are the prime factors of m?
2, 11
Suppose 2*y + 2*b - 69 = 5*b, -107 = -3*y + b. Suppose y = s + v, 2*v + 45 = 5*s - 156. Suppose 7*q - 4*q = s. List the prime factors of q.
13
Let d(g) = -g**2 + 14*g - 12. Suppose 0 = 5*r + 2*h - 37, 52 = 4*r - h - 3*h. List the prime factors of d(r).
3, 11
Let q = -169 + 247. What are the prime factors of q?
2, 3, 13
Suppose 4*h - 22 = x, 2*h = -x + 3*x + 20. Let q = -4 - x. List the prime factors of (1 - q)/(1/(-12)).
2, 3
Let c(t) = t**3 - 3*t**2 - 2*t + 4. Let a be c(4). Let h = 5 + a. List the prime factors of h.
17
Let t = -42 + 82. Suppose -w - 1 + 58 = -5*c, 0 = 3*c - w + 33. List the prime factors of ((-10)/t)/(1/c).
3
Suppose -3*a = -4*v - 31, 4*a - v - 39 = 2*v. Suppose -a = -3*u + 6. What are the prime factors of u?
5
Let f(b) = 2*b**2 - 8*b + 8. Let w be f(6). Let j be 4/(-20) - w/(-10). Suppose j*v = -0*v + 33. List the prime factors of v.
11
Let w(n) = n**2 + n + 13. Let f = 1 - 4. Let q be f/((-9)/(-6)) - -2. What are the prime factors of w(q)?
13
Suppose 2*g = 40 + 12. List the prime factors of g.
2, 13
Suppose 0 = -2*u + 4*u - 20. What are the prime factors of 55/u - 1/(-2)?
2, 3
Let g(j) = j + 17. Let t be g(-14). Let v(r) = 6*r - 3. List the prime factors of v(t).
3, 5
Let n(y) = 2*y**2 - 9*y + 3. Let h = -4 - -10. List the prime factors of n(h).
3, 7
Let f(w) = 52*w - 13. List the prime factors of f(9).
5, 7, 13
Let z(k) = -6*k + 3. Let v be z(2). Let c(a) = -9*a - 16. Let g(f) = 22*f + 40. Let x(t) = -12*c(t) - 5*g(t). What are the prime factors of x(v)?
2, 5
Suppose 5*w - w = 24. Let m = w + -6. Suppose 14 = 2*c + 3*c + 2*x, m = -2*c - 2*x + 2. What are the prime factors of c?
2
Suppose -7*f - 52